{"id":1205,"date":"2026-02-24T08:49:34","date_gmt":"2026-02-24T08:49:34","guid":{"rendered":"https:\/\/www.drj-solutions.fr\/?page_id=1205"},"modified":"2026-02-27T13:20:32","modified_gmt":"2026-02-27T13:20:32","slug":"decapage-manuel-et-mecanique","status":"publish","type":"page","link":"https:\/\/www.drj-solutions.fr\/index.php\/decapage-manuel-et-mecanique\/","title":{"rendered":"DECAPAGE MANUEL ET MECANIQUE"},"content":{"rendered":"<p>[et_pb_section fb_built=\u00a0\u00bb1&Prime; admin_label=\u00a0\u00bbHeader\u00a0\u00bb _builder_version=\u00a0\u00bb4.27.4&Prime; _module_preset=\u00a0\u00bbdefault\u00a0\u00bb use_background_color_gradient=\u00a0\u00bbon\u00a0\u00bb background_color_gradient_stops=\u00a0\u00bb#d8d9dd 0%|rgba(223,226,231,0.8) 40%\u00a0\u00bb background_color_gradient_overlays_image=\u00a0\u00bbon\u00a0\u00bb background_image=\u00a0\u00bbhttps:\/\/www.drj-solutions.fr\/wp-content\/uploads\/2026\/02\/Decapage-mecanique.png\u00a0\u00bb overflow-x=\u00a0\u00bbhidden\u00a0\u00bb overflow-y=\u00a0\u00bbhidden\u00a0\u00bb locked=\u00a0\u00bboff\u00a0\u00bb collapsed=\u00a0\u00bbon\u00a0\u00bb global_colors_info=\u00a0\u00bb{}\u00a0\u00bb][et_pb_row column_structure=\u00a0\u00bb1_2,1_2&Prime; _builder_version=\u00a0\u00bb4.19.2&Prime; _module_preset=\u00a0\u00bbdefault\u00a0\u00bb global_colors_info=\u00a0\u00bb{}\u00a0\u00bb][et_pb_column type=\u00a0\u00bb1_2&Prime; _builder_version=\u00a0\u00bb4.19.2&Prime; _module_preset=\u00a0\u00bbdefault\u00a0\u00bb global_colors_info=\u00a0\u00bb{}\u00a0\u00bb][et_pb_text _builder_version=\u00a0\u00bb4.27.4&Prime; _module_preset=\u00a0\u00bb2da3d653-691e-4798-8e1b-9ac1ad689f90&Prime; global_colors_info=\u00a0\u00bb{}\u00a0\u00bb]<\/p>\n<h1><span>D\u00c9CAPAGE MANUEL ET M\u00c9CANIQUE<\/span><\/h1>\n<p>[\/et_pb_text][\/et_pb_column][et_pb_column type=\u00a0\u00bb1_2&Prime; _builder_version=\u00a0\u00bb4.19.2&Prime; _module_preset=\u00a0\u00bbdefault\u00a0\u00bb global_colors_info=\u00a0\u00bb{}\u00a0\u00bb][et_pb_image src=\u00a0\u00bbhttps:\/\/www.drj-solutions.fr\/wp-content\/uploads\/2025\/12\/DRJ-Solutions-theme-5-2.png\u00a0\u00bb title_text=\u00a0\u00bbDRJ Solutions theme -5-2&Prime; _builder_version=\u00a0\u00bb4.27.4&Prime; _module_preset=\u00a0\u00bbdefault\u00a0\u00bb positioning=\u00a0\u00bbabsolute\u00a0\u00bb position_origin_a=\u00a0\u00bbcenter_left\u00a0\u00bb width=\u00a0\u00bb100%\u00a0\u00bb global_colors_info=\u00a0\u00bb{}\u00a0\u00bb][\/et_pb_image][\/et_pb_column][\/et_pb_row][\/et_pb_section][et_pb_section fb_built=\u00a0\u00bb1&Prime; admin_label=\u00a0\u00bbProject Slider\u00a0\u00bb _builder_version=\u00a0\u00bb4.19.2&Prime; _module_preset=\u00a0\u00bbdefault\u00a0\u00bb custom_padding=\u00a0\u00bb||0px||false|false\u00a0\u00bb collapsed=\u00a0\u00bbon\u00a0\u00bb global_colors_info=\u00a0\u00bb{}\u00a0\u00bb][\/et_pb_section][et_pb_section fb_built=\u00a0\u00bb1&Prime; admin_label=\u00a0\u00bbProject\u00a0\u00bb _builder_version=\u00a0\u00bb4.19.2&Prime; _module_preset=\u00a0\u00bbdefault\u00a0\u00bb custom_padding=\u00a0\u00bb0px||||false|false\u00a0\u00bb collapsed=\u00a0\u00bbon\u00a0\u00bb global_colors_info=\u00a0\u00bb{}\u00a0\u00bb][et_pb_row _builder_version=\u00a0\u00bb4.19.2&Prime; _module_preset=\u00a0\u00bbdefault\u00a0\u00bb global_colors_info=\u00a0\u00bb{}\u00a0\u00bb][et_pb_column type=\u00a0\u00bb4_4&Prime; _builder_version=\u00a0\u00bb4.19.2&Prime; _module_preset=\u00a0\u00bbdefault\u00a0\u00bb custom_padding_tablet=\u00a0\u00bb||30px||false|false\u00a0\u00bb custom_padding_phone=\u00a0\u00bb||30px||false|false\u00a0\u00bb custom_padding_last_edited=\u00a0\u00bbon|tablet\u00a0\u00bb global_colors_info=\u00a0\u00bb{}\u00a0\u00bb][et_pb_text _builder_version=\u00a0\u00bb4.27.4&Prime; _module_preset=\u00a0\u00bb2c44cc00-512e-4f28-ab68-3a649613a080&Prime; custom_margin=\u00a0\u00bb||0px||false|false\u00a0\u00bb global_colors_info=\u00a0\u00bb{}\u00a0\u00bb]<\/p>\n<h2 data-start=\"299\" data-end=\"381\"><span>Le d\u00e9capage manuel et m\u00e9canique en industrie<\/span><\/h2>\n<p>[\/et_pb_text][et_pb_text _builder_version=\u00a0\u00bb4.27.4&Prime; _module_preset=\u00a0\u00bb5414981b-7816-4063-86b8-1d887acd1d20&Prime; global_colors_info=\u00a0\u00bb{}\u00a0\u00bb]<\/p>\n<p data-start=\"614\" data-end=\"821\">Le <strong data-start=\"617\" data-end=\"660\">d\u00e9capage manuel et m\u00e9canique industriel<\/strong> est une solution adapt\u00e9e aux zones complexes, aux reprises localis\u00e9es et aux environnements sensibles o\u00f9 le sablage ou le grenaillage ne sont pas envisageables.<\/p>\n<p data-start=\"823\" data-end=\"976\">Sur sites industriels et en atelier, nous intervenons pour assurer une pr\u00e9paration de surface conforme aux exigences techniques et r\u00e9glementaires.<\/p>\n<p>[\/et_pb_text][et_pb_text _builder_version=\u00a0\u00bb4.27.4&Prime; _module_preset=\u00a0\u00bb5414981b-7816-4063-86b8-1d887acd1d20&Prime; hover_enabled=\u00a0\u00bb0&Prime; global_colors_info=\u00a0\u00bb{}\u00a0\u00bb sticky_enabled=\u00a0\u00bb0&Prime;]<\/p>\n<h3 data-start=\"983\" data-end=\"1017\">D\u00e9capage manuel<\/h3>\n<p data-start=\"1019\" data-end=\"1081\">Le d\u00e9capage manuel est r\u00e9alis\u00e9 \u00e0 l\u2019aide d\u2019outils sp\u00e9cifiques :<\/p>\n<ul data-start=\"1083\" data-end=\"1147\">\n<li data-start=\"1083\" data-end=\"1104\">\n<p data-start=\"1085\" data-end=\"1104\">brosses m\u00e9talliques<\/p>\n<\/li>\n<li data-start=\"1105\" data-end=\"1116\">\n<p data-start=\"1107\" data-end=\"1116\">grattoirs<\/p>\n<\/li>\n<li data-start=\"1129\" data-end=\"1147\">\n<p data-start=\"1131\" data-end=\"1147\">disques abrasifs<\/p>\n<\/li>\n<\/ul>\n<p data-start=\"1149\" data-end=\"1190\">Il est particuli\u00e8rement recommand\u00e9 pour :<\/p>\n<ul data-start=\"1192\" data-end=\"1318\">\n<li data-start=\"1192\" data-end=\"1218\">\n<p data-start=\"1194\" data-end=\"1218\">zones difficiles d\u2019acc\u00e8s<\/p>\n<\/li>\n<li data-start=\"1219\" data-end=\"1244\">\n<p data-start=\"1221\" data-end=\"1244\">retouches anticorrosion<\/p>\n<\/li>\n<li data-start=\"1245\" data-end=\"1276\">\n<p data-start=\"1247\" data-end=\"1276\">travaux en environnement ATEX<\/p>\n<\/li>\n<li data-start=\"1277\" data-end=\"1318\">\n<p data-start=\"1279\" data-end=\"1318\">interventions localis\u00e9es en maintenance<\/p>\n<\/li>\n<\/ul>\n<h2 data-start=\"1325\" data-end=\"1362\"><\/h2>\n<h3 data-start=\"1325\" data-end=\"1362\">D\u00e9capage m\u00e9canique<\/h3>\n<p data-start=\"1364\" data-end=\"1425\">Le d\u00e9capage m\u00e9canique permet un rendement sup\u00e9rieur gr\u00e2ce \u00e0 :<\/p>\n<ul data-start=\"1427\" data-end=\"1516\">\n<li data-start=\"1427\" data-end=\"1452\">\n<p data-start=\"1429\" data-end=\"1452\">meuleuses industrielles<\/p>\n<\/li>\n<li data-start=\"1453\" data-end=\"1470\">\n<p data-start=\"1455\" data-end=\"1470\">brosse monti<\/p>\n<\/li>\n<li>ponceuses<\/li>\n<li data-start=\"1471\" data-end=\"1516\">\n<p data-start=\"1473\" data-end=\"1516\">syst\u00e8mes \u00e9lectroportatifs haute performance<\/p>\n<\/li>\n<\/ul>\n<p data-start=\"1518\" data-end=\"1594\">Il permet d\u2019atteindre les degr\u00e9s de pr\u00e9paration ST2 et ST3 selon ISO 8501-1.<\/p>\n<p>[\/et_pb_text][\/et_pb_column][\/et_pb_row][et_pb_row column_structure=\u00a0\u00bb1_2,1_2&Prime; _builder_version=\u00a0\u00bb4.19.2&Prime; _module_preset=\u00a0\u00bbdefault\u00a0\u00bb global_colors_info=\u00a0\u00bb{}\u00a0\u00bb][et_pb_column type=\u00a0\u00bb1_2&Prime; _builder_version=\u00a0\u00bb4.19.2&Prime; _module_preset=\u00a0\u00bbdefault\u00a0\u00bb custom_padding_tablet=\u00a0\u00bb||30px||false|false\u00a0\u00bb custom_padding_phone=\u00a0\u00bb||30px||false|false\u00a0\u00bb custom_padding_last_edited=\u00a0\u00bbon|tablet\u00a0\u00bb global_colors_info=\u00a0\u00bb{}\u00a0\u00bb][et_pb_image src=\u00a0\u00bbhttps:\/\/www.drj-solutions.fr\/wp-content\/uploads\/2026\/02\/decapage-mecanique-scaled.jpeg\u00a0\u00bb title_text=\u00a0\u00bbd\u00e9capage m\u00e9canique\u00a0\u00bb _builder_version=\u00a0\u00bb4.27.4&Prime; _module_preset=\u00a0\u00bbdefault\u00a0\u00bb global_colors_info=\u00a0\u00bb{}\u00a0\u00bb][\/et_pb_image][et_pb_image src=\u00a0\u00bbhttps:\/\/www.drj-solutions.fr\/wp-content\/uploads\/2026\/02\/WhatsApp-Image-2025-11-07-at-17.03.10-scaled.jpeg\u00a0\u00bb title_text=\u00a0\u00bbWhatsApp Image 2025-11-07 at 17.03.10&Prime; _builder_version=\u00a0\u00bb4.27.4&Prime; _module_preset=\u00a0\u00bbdefault\u00a0\u00bb global_colors_info=\u00a0\u00bb{}\u00a0\u00bb][\/et_pb_image][\/et_pb_column][et_pb_column type=\u00a0\u00bb1_2&Prime; _builder_version=\u00a0\u00bb4.19.2&Prime; _module_preset=\u00a0\u00bbdefault\u00a0\u00bb global_colors_info=\u00a0\u00bb{}\u00a0\u00bb][et_pb_image src=\u00a0\u00bbhttps:\/\/www.drj-solutions.fr\/wp-content\/uploads\/2026\/02\/WhatsApp-Image-2025-11-07-at-17.03.12-scaled.jpeg\u00a0\u00bb title_text=\u00a0\u00bbWhatsApp Image 2025-11-07 at 17.03.12&Prime; _builder_version=\u00a0\u00bb4.27.4&Prime; _module_preset=\u00a0\u00bbdefault\u00a0\u00bb global_colors_info=\u00a0\u00bb{}\u00a0\u00bb][\/et_pb_image][\/et_pb_column][\/et_pb_row][\/et_pb_section]<\/p>\n","protected":false},"excerpt":{"rendered":"<p>D\u00c9CAPAGE MANUEL ET M\u00c9CANIQUELe d\u00e9capage manuel et m\u00e9canique en industrieLe d\u00e9capage manuel et m\u00e9canique industriel est une solution adapt\u00e9e aux zones complexes, aux reprises localis\u00e9es et aux environnements sensibles o\u00f9 le sablage ou le grenaillage ne sont pas envisageables. Sur sites industriels et en atelier, nous intervenons pour assurer une pr\u00e9paration de surface conforme aux [&hellip;]<\/p>\n","protected":false},"author":1,"featured_media":0,"parent":0,"menu_order":0,"comment_status":"closed","ping_status":"closed","template":"","meta":{"_et_pb_use_builder":"on","_et_pb_old_content":"","_et_gb_content_width":"","footnotes":""},"class_list":["post-1205","page","type-page","status-publish","hentry"],"_links":{"self":[{"href":"https:\/\/www.drj-solutions.fr\/index.php\/wp-json\/wp\/v2\/pages\/1205","targetHints":{"allow":["GET"]}}],"collection":[{"href":"https:\/\/www.drj-solutions.fr\/index.php\/wp-json\/wp\/v2\/pages"}],"about":[{"href":"https:\/\/www.drj-solutions.fr\/index.php\/wp-json\/wp\/v2\/types\/page"}],"author":[{"embeddable":true,"href":"https:\/\/www.drj-solutions.fr\/index.php\/wp-json\/wp\/v2\/users\/1"}],"replies":[{"embeddable":true,"href":"https:\/\/www.drj-solutions.fr\/index.php\/wp-json\/wp\/v2\/comments?post=1205"}],"version-history":[{"count":4,"href":"https:\/\/www.drj-solutions.fr\/index.php\/wp-json\/wp\/v2\/pages\/1205\/revisions"}],"predecessor-version":[{"id":1540,"href":"https:\/\/www.drj-solutions.fr\/index.php\/wp-json\/wp\/v2\/pages\/1205\/revisions\/1540"}],"wp:attachment":[{"href":"https:\/\/www.drj-solutions.fr\/index.php\/wp-json\/wp\/v2\/media?parent=1205"}],"curies":[{"name":"wp","href":"https:\/\/api.w.org\/{rel}","templated":true}]}}